of 744384?
7
What is the units digit of 127442?
2
What is the hundred thousands digit of 236824?
2
What is the hundreds digit of 24711?
7
What is the hundreds digit of 21765?
7
What is the hundred thousands digit of 1492184?
4
What is the hundred thousands digit of 2738839?
7
What is the units digit of 53238?
8
What is the hundreds digit of 56676?
6
What is the ten thousands digit of 10049413?
4
What is the hundreds digit of 887185?
1
What is the ten thousands digit of 748814?
4
What is the tens digit of 73389?
8
What is the ten thousands digit of 4231164?
3
What is the hundred thousands digit of 541401?
5
What is the units digit of 120864?
4
What is the thousands digit of 28026402?
6
What is the units digit of 53113?
3
What is the hundreds digit of 3751731?
7
What is the thousands digit of 37817715?
7
What is the ten thousands digit of 112391?
1
What is the tens digit of 509970?
7
What is the thousands digit of 221205?
1
What is the ten thousands digit of 145280?
4
What is the thousands digit of 25451173?
1
What is the hundreds digit of 2204769?
7
What is the ten thousands digit of 1907347?
0
What is the hundred thousands digit of 108816?
1
What is the thousands digit of 1575072?
5
What is the tens digit of 1032712?
1
What is the hundreds digit of 39845?
8
What is the thousands digit of 400224?
0
What is the hundreds digit of 2118431?
4
What is the tens digit of 2913278?
7
What is the tens digit of 66771?
7
What is the thousands digit of 9089816?
9
What is the hundreds digit of 1312346?
3
What is the units digit of 3501639?
9
What is the thousands digit of 1747817?
7
What is the units digit of 9984644?
4
What is the units digit of 399780?
0
What is the units digit of 45787?
7
What is the ten thousands digit of 251319?
5
What is the tens digit of 2043391?
9
What is the units digit of 57655?
5
What is the units digit of 1898016?
6
What is the tens digit of 5906?
0
What is the ten thousands digit of 21584?
2
What is the units digit of 8192083?
3
What is the thousands digit of 146288?
6
What is the hundreds digit of 346802?
8
What is the hundred thousands digit of 2243461?
2
What is the tens digit of 2331229?
2
What is the tens digit of 1383?
8
What is the thousands digit of 2532497?
2
What is the hundred thousands digit of 379875?
3
What is the ten thousands digit of 545353?
4
What is the thousands digit of 2577516?
7
What is the ten thousands digit of 2395919?
9
What is the ten thousands digit of 22329411?
2
What is the hundreds digit of 1155503?
5
What is the thousands digit of 186834?
6
What is the tens digit of 1095052?
5
What is the thousands digit of 508402?
8
What is the thousands digit of 5775?
5
What is the hundreds digit of 278039?
0
What is the hundreds digit of 130852?
8
What is the hundred thousands digit of 577651?
5
What is the units digit of 29933749?
9
What is the tens digit of 136954?
5
What is the thousands digit of 66639?
6
What is the units digit of 886837?
7
What is the thousands digit of 461101?
1
What is the thousands digit of 485696?
5
What is the hundreds digit of 1522470?
4
What is the hundreds digit of 1902243?
2
What is the thousands digit of 878611?
8
What is the units digit of 22520214?
4
What is the ten thousands digit of 177835?
7
What is the units digit of 825282?
2
What is the hundreds digit of 138471?
4
What is the hundreds digit of 2530571?
5
What is the hundred thousands digit of 8585495?
5
What is the hundred thousands digit of 286131?
2
What is the hundred thousands digit of 42198075?
1
What is the hundred thousands digit of 8661529?
6
What is the hundred thousands digit of 21702805?
7
What is the tens digit of 37707?
0
What is the units digit of 10478398?
8
What is the hundred thousands digit of 6421137?
4
What is the hundreds digit of 4685662?
6
What is the hundred thousands digit of 894039?
8
What is the units digit of 768843?
3
What is the ten thousands digit of 828425?
2
What is the hundred thousands digit of 9920327?
9
What is the ten thousands digit of 1797042?
9
What is the tens digit of 3159768?
6
What is the thousands digit of 156668?
6
What is the units digit of 482427?
7
What is the thousands digit of 164566?
4
What is the thousands digit of 4361128?
1
What is the millions digit of 1046107?
1
What is the units digit of 667390?
0
What is the tens digit of 12748?
4
What is the millions digit of 13953902?
3
What is the tens digit of 127731?
3
What is the units digit of 1028392?
2
What is the units digit of 540583?
3
What is the ten thousands digit of 12064263?
6
What is the tens digit of 136076?
7
What is the thousands digit of 1508621?
8
What is the units digit of 1223389?
9
What is the thousands digit of 1372039?
2
What is the thousands digit of 5848416?
8
What is the hundred thousands digit of 6547640?
5
What is the thousands digit of 609706?
9
What is the hundreds digit of 692766?
7
What is the units digit of 232529?
9
What is the tens digit of 8422320?
2
What is the units digit of 555995?
5
What is the ten thousands digit of 410316?
1
What is the millions digit of 1121104?
1
What is the ten thousands digit of 1159718?
5
What is the hundreds digit of 6067109?
1
What is the hundred thousands digit of 1406809?
4
What is the ten thousands digit of 1067516?
6
What is the hundreds digit of 109950?
9
What is the tens digit of 3533333?
3
What is the millions digit of 2928075?
2
What is the thousands digit of 7974315?
4
What is the hundreds digit of 14200315?
3
What is the hundreds digit of 25591?
5
What is the ten thousands digit of 33750519?
5
What is the hundred thousands digit of 13445363?
4
What is the hundreds digit of 4995435?
4
What is the hundred thousands digit of 134178?
1
What is the ten thousands digit of 425388?
2
What is the hundreds digit of 1812746?
7
What is the millions digit of 5717012?
5
What is the hundred thousands digit of 281516?
2
What is the units digit of 5293317?
7
What is the hundred thousands digit of 345063?
3
What is the tens digit of 592247?
4
What is the ten thousands digit of 3755428?
5
What is the hundreds digit of 1106219?
2
What is the units digit of 3329768?
8
What is the thousands digit of 22325918?
5
What is the hundreds digit of 698849?
8
What is the units digit of 45467?
7
What is the hundred thousands digit of 1333875?
3
What is the units digit of 142463?
3
What is the units digit of 898619?
9
What is the units digit of 24906346?
6
What is the hundred thousands digit of 1214721?
2
What is the hundred thousands digit of 7358717?
3
What is the ten thousands digit of 10531232?
3
What is the tens digit of 62374?
7
What is the hundreds digit of 84413?
4
What is the ten thousands digit of 7546140?
4
What is the hundreds digit of 162589?
5
What is the tens digit of 835121?
2
What is the units digit of 2571918?
8
What is the thousands digit of 281285?
1
What is the hundreds digit of 22296886?
8
What is the ten thousands digit of 362998?
6
What is the thousands digit of 9829892?
9
What is the units digit of 14237669?
9
What is the hundreds digit of 340377?
3
What is the tens digit of 6424?
2
What is the units digit of 931638?
8
What is the thousands digit of 13362647?
2
What is the units digit of 293052?
2
What is the units digit of 134096?
6
What is the units digit of 200027?
7
What is the hundred thousands digit of 939508?
9
What is the ten millions digit of 26435122?
2
What is the hundreds digit of 145025?
0
What is the thousands digit of 629270?
9
What is the hundreds digit of 385966?
9
What is the ten thousands digit of 4046476?
4
What is the millions digit of 5642641?
5
What is the tens digit of 36400111?
1
What is the hundred thousands digit of 788004?
7
What is the millions digit of 8845544?
8
What is the thousands digit of 765698?
5
What is the ten thousands digit of 168130?
6
What is the units digit of 1194912?
2
What is the units digit of 231349?
9
What is the units digit of 68383?
3
What is the hundreds digit of 140486?
4
What is the millions digit of 1557269?
1
What is the hundred thousands digit of 1290454?
2
What is the units digit of 18288?
8
What is the units digit of 6064455?
5
What is the millions digit of 3086690?
3
What is the ten thousands digit of 1144105?
4
What is the units digit of 719615?
5
What is the units digit of 2389109?
9
What i